se
Is 2292885 a multiple of 203?
True
Is 3182708 a multiple of 62?
True
Is 3207588 even?
True
Is 2479420 a multiple of 151?
True
Is 425428 a multiple of 4?
True
Is 879 a factor of 1535613?
True
Does 88 divide 49632?
True
Is 16 a factor of 48436?
False
Is 102090 a multiple of 82?
True
Is 60414 a multiple of 23?
False
Does 361 divide 357390?
True
Does 2230 divide 25475520?
True
Does 85 divide 621350?
True
Does 13 divide 119420?
False
Is 667289 a multiple of 7?
True
Is 671862 a multiple of 23?
False
Does 16 divide 35392?
True
Is 28 a factor of 52276?
True
Is 54 a factor of 2160648?
True
Is 393 a factor of 919820?
False
Does 3 divide 52941?
True
Is 22 a factor of 382536?
True
Does 95 divide 1137253?
False
Is 261617 a multiple of 29?
False
Is 210530 a multiple of 14?
False
Does 25 divide 330875?
True
Is 406925 a multiple of 13?
False
Does 77 divide 396473?
True
Is 177200 a multiple of 16?
True
Is 295001 a multiple of 259?
True
Does 77 divide 478170?
True
Is 811 a factor of 882368?
True
Is 866 a factor of 1667050?
True
Is 4533292 a multiple of 39?
False
Is 267144 a multiple of 77?
False
Is 41 a factor of 9046353?
False
Does 336 divide 5564160?
True
Does 7 divide 9344?
False
Does 26 divide 881842?
True
Does 366 divide 91105?
False
Is 580 a factor of 2081040?
True
Does 26 divide 56339?
False
Does 13 divide 202368?
False
Is 19 a factor of 55?
False
Is 1156304 a multiple of 57?
False
Is 39520 a multiple of 19?
True
Is 990376 a multiple of 172?
True
Is 7104871 a multiple of 316?
False
Is 14 a factor of 6497372?
True
Does 85 divide 8160?
True
Is 127 a factor of 27176?
False
Does 800 divide 4334400?
True
Is 118094 a multiple of 514?
False
Does 32 divide 266267?
False
Is 287 a factor of 578879?
True
Is 106 a factor of 2586434?
False
Does 692 divide 1242922?
False
Is 19 a factor of 2967572?
True
Is 286820 a multiple of 3?
False
Does 44 divide 127336?
True
Is 2868238 a multiple of 23?
True
Is 26 a factor of 97916?
True
Is 965895 a multiple of 15?
True
Does 145 divide 47125?
True
Is 439075 a multiple of 5?
True
Is 7450524 a multiple of 12?
True
Is 12 a factor of 2194272?
True
Is 68 a factor of 420355?
False
Does 75 divide 256725?
True
Does 6 divide 48642?
True
Is 346800 a multiple of 400?
True
Does 13 divide 1009489?
True
Is 13 a factor of 275073?
False
Is 7 a factor of 65540?
False
Does 61 divide 5307?
True
Is 291624 a multiple of 6?
True
Is 206539 a multiple of 60?
False
Is 624 a factor of 896064?
True
Is 140 a factor of 4484620?
True
Does 43 divide 108919?
True
Does 19 divide 659433?
True
Is 262 a factor of 953942?
True
Does 193 divide 3185658?
True
Does 11 divide 2966880?
False
Does 40 divide 11755?
False
Is 6 a factor of 2469630?
True
Does 215 divide 352938?
False
Is 5 a factor of 26187?
False
Is 289 a factor of 133754?
False
Is 197 a factor of 297667?
True
Is 780 a factor of 9296040?
True
Does 25 divide 451894?
False
Is 449805 a multiple of 191?
True
Does 222 divide 143443?
False
Is 246 a factor of 5249798?
False
Does 7 divide 731836?
True
Is 7 a factor of 1410332?
True
Is 35 a factor of 4643485?
True
Is 16315617 a multiple of 102?
False
Is 5032039 a multiple of 90?
False
Is 45266 a multiple of 13?
True
Does 20 divide 26701?
False
Does 420 divide 205800?
True
Does 1031 divide 5103450?
True
Is 240 a factor of 930558?
False
Is 524 a factor of 391952?
True
Does 46 divide 10044222?
False
Is 726 a factor of 11469348?
True
Does 79 divide 121265?
True
Is 110888 a multiple of 166?
True
Is 68310 a multiple of 138?
True
Is 314236 a multiple of 263?
False
Does 9 divide 126756?
True
Is 18094853 a multiple of 25?
False
Is 2862916 a multiple of 28?
True
Does 10 divide 864720?
True
Is 8 a factor of 3136704?
True
Does 810 divide 5965508?
False
Does 138 divide 274627?
False
Does 36 divide 175608?
True
Is 116 a factor of 1294062?
False
Is 2336352 a multiple of 48?
True
Is 26799100 a multiple of 370?
True
Is 1860143 a multiple of 16?
False
Is 12238850 a multiple of 325?
True
Is 10 a factor of 4815385?
False
Does 17 divide 225131?
True
Does 19 divide 12810475?
False
Does 126 divide 307566?
True
Does 220 divide 2292162?
False
Does 207 divide 884754?
False
Is 495880 a multiple of 88?
True
Is 8872388 a multiple of 1738?
False
Is 12 a factor of 388368?
True
Is 803 a factor of 13070431?
True
Does 252 divide 84672?
True
Is 80 a factor of 17394?
False
Is 27 a factor of 184302?
True
Does 216 divide 106488?
True
Is 331 a factor of 1638197?
False
Is 1184940 a multiple of 18?
True
Is 10688664 a multiple of 4?
True
Does 44 divide 502524?
True
Is 4098869 a multiple of 411?
False
Does 31 divide 11296712?
False
Is 1173230 a multiple of 10?
True
Is 266456 a multiple of 24?
False
Does 20 divide 91420?
True
Is 186984 a multiple of 61?
False
Does 15 divide 204004?
False
Is 517498 a multiple of 353?
True
Does 29 divide 113158?
True
Does 16 divide 40006?
False
Is 488534 a multiple of 231?
False
Is 647349 a multiple of 35?
False
Is 104640 a multiple of 320?
True
Is 1072 a factor of 536000?
True
Is 483199 a multiple of 6?
False
Does 48 divide 934416?
True
Does 92 divide 419060?
True
Is 3028067 a multiple of 229?
True
Is 47 a factor of 198857?
True
Is 2776656 a multiple of 533?
False
Does 9 divide 3977955?
True
Is 698535 a multiple of 45?
True
Is 16303159 a multiple of 19?
True
Is 368990 a multiple of 274?
False
Does 414 divide 164818?
False
Is 16089872 a multiple of 34?
False
Does 72 divide 208440?
True
Is 107636 a multiple of 71?
True
Is 792148 a multiple of 26?
False
Is 1151 a factor of 3204317?
False
Is 3 a factor of 24016?
False
Is 178 a factor of 12653718?
False
Is 32 a factor of 5067008?
True
Is 9 a factor of 229428?
True
Is 10305 a multiple of 3?
True
Is 1798280 a multiple of 110?
True
Is 27 a factor of 491664?
False
Is 1333854 a multiple of 102?
True
Is 14 a factor of 290118?
False
Is 49 a factor of 671202?
True
Is 7 a factor of 356699?
True
Is 99053 a multiple of 73?
False
Does 249 divide 28053087?
True
Is 239108 a multiple of 9?
False
Is 1633005 a multiple of 38?
False
Does 2 divide 3932?
True
Does 421 divide 577109?
False
Is 30 a factor of 422310?
True
Is 252 a factor of 1258992?
True
Does 434 divide 3725244?
False
Is 4 a factor of 997144?
True
Does 159 divide 1158156?
True
Is 1013935 a multiple of 19?
True
Is 4199143 a multiple of 13?
True
Is 761 a factor of 8874021?
True
Is 1215984 a multiple of 752?
True
Does 22 divide 119999?
False
Is 2687376 a multiple of 16?
True
Does 46 divide 76380?
False
Is 3976764 a multiple of 385?
False
Is 11 a factor of 3614787?
True
Does 44 divide 256001?
False
Does 148 divide 35774?
False
Is 995880 a multiple of 10?
True
Is 9 a factor of 401922?
True
Does 8 divide 262949?
False
Is 8 a factor of 576224?
True
Is 27 a factor of 45677?
False
Is 861 a factor of 3112515?
True
Is 3150033 a multiple of 49?
False
Does 7 divide 166149?
False
Is 315 a factor of 76183?
False
Is 25 a factor of 89426?
False
Is 9 a factor of 136571?
False
Does 194 divide 301864?
True
Is 889165 a multiple of 347?
False
Is 130492 a multiple of 323?
True
Is 808 a factor of 1808304?
True
Does 4 divide 1222?
False
Is 49104 a multiple of 24?
True
Is 23381 a multiple of 124?
False
Is 4532498 a multiple of 142?
True
Does 94 divide 293873?
False
Is 270246 a multiple of 219?
True
Does 10 divide 21675150?
True
Is 14 a factor of 153524?
True
Is 971924 a multiple of 17?
True
Does 1284 divide 4467036?
True
Is 16 a factor of 1834613?
False
Does 15 divide 6610608?
False
Does 208 divide 3290560?
True
Does 47 divide 371817?
True
Does 10 divide 1053220?
True
Does 175 divide 136923?
False
Does 500 divide 5680204?
False
Is 314231 a multiple of 9?
False
Is 8 a factor of 11203?
False
Is 90558 a multiple of 39?
True
Is 1294 a factor of 1453162?
True
Is 45 a factor of 238413?
False
Does 75 divide 1725?
True
Is 472290 a multiple of 13?
True
Is 221646 a multiple of 20?
False
Is 228468 a multiple of 16?
False
Is 53277 a multiple of 43?
True
Is 86 a factor of 12986?
True
Does 89 divide 19316204?
True
Does 8 divide 2989104?
True
Is 10 a factor of 49736?
False
Is 15802 a multiple of 3?
False
Is 235233 a multiple of 305?
False
Is 470708 a multiple of 14?
True
Is 2743974 a multiple of 18?
True
Is 12173389 a multiple of 620?
False
Is 808 a factor of 5755384?
True
Is 418 a factor of 6086080?
True
Is 1598762 a multi